= 2*h - 369, -h = -i*n - 122 - 58. List the prime factors of h.
2, 23
What are the prime factors of (-70)/4*24400/(-427)?
2, 5
Suppose w = -5*d + 56 + 65, 4*w = 2*d + 462. Suppose a = 4*o + w + 60, -4*o + 684 = 4*a. List the prime factors of a.
2, 43
Suppose 249 = f + 5*u, -2*f = -4*u - 160 - 268. Suppose -6*p = f - 992. List the prime factors of p.
2
Let u(s) = -3*s + 45. Let o be u(8). Let h(t) = t**3 + 3*t**2 + 4*t + 4. Let p be h(-3). List the prime factors of (-56)/o*42/p.
2, 7
Suppose -7*u + 9*u = -96. Let b = 48 + -67. Let r = b - u. List the prime factors of r.
29
List the prime factors of (47/376)/(3/26616).
1109
Let q(x) = 3*x**3 - 4*x**2 - x + 8. List the prime factors of q(7).
2, 3, 139
Let y(k) = 3*k - 3*k + 2 + 2*k + 1. Let w be y(-3). List the prime factors of w*(-5 + 4) + 56.
59
Suppose -3*w + 2 = m, -m - 4 = -5*w + 2. Let z be 1*(5 - (m - 0)). Suppose -j + z*j - 20 = 4*r, 4*j + 4*r - 16 = 0. List the prime factors of j.
2
Let s(w) = w**2 - 6*w - 11. Let y be s(7). Let r be ((-27)/6)/(3/y). Suppose 0 = -22*u + 25*u - r. List the prime factors of u.
2
Suppose -32*z - 98316 = -68*z. What are the prime factors of z?
2731
Suppose 65011 = 43*z + 984. What are the prime factors of z?
1489
Let i = -76 - -196. List the prime factors of i.
2, 3, 5
Suppose 3*s + 10 + 11 = 0. Let b(v) = v**3 + 8*v**2 + 6*v. List the prime factors of b(s).
7
What are the prime factors of (35 - 39) + (336 - 0)?
2, 83
Let f be (8/5 - 2) + 62/5. List the prime factors of ((-872)/f)/((-2)/(-3))*-1.
109
Let i = 1842 - 164. What are the prime factors of i?
2, 839
Let f = 569 - 190. Suppose 5*i - f = 81. List the prime factors of i.
2, 23
Suppose 0 = -3*d - 3*c + 30, 4*d - 7*c - 22 = -2*c. Let n be (-2)/d - (-26)/8. Suppose 128 = n*l - 16. List the prime factors of l.
2, 3
Let d(x) = -11*x - 11. Let p be d(-8). Let y be (-332)/(-7) + 44/p. Let f = 113 - y. What are the prime factors of f?
5, 13
Let f(d) = -d**3 - 9*d**2 + 12. Let c be f(-9). Suppose 9*v - c*v = -138. Suppose 3*y - 2*j = 2*j + v, 5*y - j - 71 = 0. What are the prime factors of y?
2, 7
Suppose -4*l + 16 - 4 = 0. Suppose 0 = d - l + 1, 0 = 3*q - 2*d - 77. List the prime factors of q.
3
Let z = -5 + 8. Suppose -2*c = -z*c + 152. Suppose -c = 2*f - 6*f. List the prime factors of f.
2, 19
Let t be 2/(-12) + 248/48. Suppose 0 = -y - 5*u + t, 0 = 4*y + 3*u + 16 - 70. Let g = 61 - y. What are the prime factors of g?
2, 23
List the prime factors of 78/27 + -3 - (-24954)/54.
2, 3, 7, 11
What are the prime factors of (-9 - 104)*(-60)/4?
3, 5, 113
Suppose -2*l + 6 - 1 = -3*s, 4*l = 2*s + 14. Suppose -u - 21 = -a + 71, -3*a + l*u = -281. What are the prime factors of a?
3, 29
Let c(o) = o**3 - 10*o**2 + 18*o - 11. Let u be c(8). Let r be (1 - -2)/(6/4). Suppose u*w = r*w + 30. List the prime factors of w.
2, 5
Let f = -1 + 1. Suppose -62 = -2*p - 4*n, -4*n + 13 = 1. Suppose -g + p = -f*g. What are the prime factors of g?
5
Suppose -9241 = -4*d - 5*o + 5819, 2*d + 2*o = 7528. List the prime factors of d.
2, 5, 47
Suppose 22*z - 11280 = 16*z. List the prime factors of z.
2, 5, 47
Suppose -3*w - 2328 = -0*z - 3*z, w = 3*z - 2336. List the prime factors of z.
2, 3, 5, 13
List the prime factors of (-3)/((-6)/52) + (-4 - -3).
5
Suppose 5*d = 48 + 52. What are the prime factors of ((-28)/d - -1)*-155?
2, 31
Suppose 0 = -0*a - 5*a - 4*x + 7588, 3046 = 2*a - 2*x. What are the prime factors of a?
2, 5, 19
Suppose -4*c = 3*w - 193, 0*c + 60 = w - 3*c. Suppose 2*u + w = 3*u. List the prime factors of u.
3, 7
Let p(h) = -h**3 + 13*h**2 + 8*h - 42. List the prime factors of p(10).
2, 13
Let d be (-1 - -1)/((-4)/2). Suppose 2*x = -5*v + 131, d = -x + 2*v + 3*v + 103. Suppose 3*y - 3*i = 36, -3*y - 4*i + x = 2*y. List the prime factors of y.
2, 7
Suppose 0 = 2*y - q + 79, 5*q - 115 = 4*y - y. Let u be (-104)/y + (-2)/(-5). Suppose u*b - 5*m - 79 = 0, b + m - 4 = 17. List the prime factors of b.
23
Let p(y) be the first derivative of -y**5/20 + y**4 + y**3/3 - 9*y**2 + 5*y - 5. Let s(k) be the first derivative of p(k). List the prime factors of s(12).
2, 3
Let m = -40 - -20. Let c = m + 20. Suppose c*q - 12 = -4*q. What are the prime factors of q?
3
Suppose -5 = 5*a - 5*l, 35 = -2*a - 3*l + 8. Let v(j) = -j**3 - 4*j**2 + 7*j - 6. What are the prime factors of v(a)?
2, 3
Let k(l) be the second derivative of -l**5/20 + 5*l**4/4 + 11*l**3/2 - 7*l**2 + 39*l. List the prime factors of k(16).
2, 3, 43
Suppose 0 = -6*j + 9*j - 1413. Suppose -5*a - 3*n + j = -2*a, -4*n + 12 = 0. What are the prime factors of a?
2, 7, 11
What are the prime factors of -4 + 10462/8 - (-8)/32?
2, 163
Suppose 5*h = 8*h - 36. List the prime factors of 294/15 + h/(-20).
19
Suppose 0 = 3*k - 1516 - 1592. List the prime factors of k.
2, 7, 37
Let t = 5 - 20. Let y = 118 + t. List the prime factors of y.
103
Suppose 2*q + 5*y - 10371 = 0, 11*y + 6 = 13*y. List the prime factors of q.
2, 3, 863
Let o(p) = p**3 + 8*p**2 + 9. Let c(y) = 5*y + 7. Let d be c(-3). Let a be o(d). Let j = 17 - a. What are the prime factors of j?
2
Suppose -13*z + 8*z = -25. Suppose j + 2*f = -f + 85, 0 = -z*j - 4*f + 458. What are the prime factors of j?
2, 47
Let y(i) = -i**3 + i**2 + 2. Let k be y(0). What are the prime factors of (k/(-4))/(1/(-56))?
2, 7
Suppose s - 4 = -1. Suppose -v + 25 = 4*v, 2*h - 163 = -s*v. List the prime factors of h.
2, 37
Let m(q) = 12*q**2 + 13*q - 12. What are the prime factors of m(-7)?
5, 97
Let d be (12/10)/((-1)/10). Let n be (d/(-10))/((-9)/(-30)). Suppose -2*v + 20 = -3*x, -4*v - n*x + 40 = x. List the prime factors of v.
2, 5
Suppose 3*f + 3 = -5*a + 2*a, -5 = -4*a + 5*f. Suppose 11 - 3 = -2*h + 5*v, a = -v + 2. Let x = 23 + h. List the prime factors of x.
2, 3
Let s(a) = 4*a**2 + 34*a - 24. List the prime factors of s(-10).
2, 3
Suppose 16 = -4*q, 8 = -3*t - 4*q - 8. Let k(m) = 2*m + 13. What are the prime factors of k(t)?
13
Let m(w) = -w**3 + 6*w**2 + w - 3. Let u be m(5). Let n = 45 - u. List the prime factors of n.
2, 3
Let r(c) = 52*c**2 - 9*c - 33. List the prime factors of r(-4).
5, 167
Suppose -4*t + 0*c + 5*c + 25 = 0, 3*c = -5*t - 15. Let r = t - -6. List the prime factors of (26/(-6))/(r/(-36)).
2, 13
Let a = -9 + 30. Suppose 69 = 3*l - a. What are the prime factors of l?
2, 3, 5
Suppose 37 = -16*y - 187. Let r(v) = v**2 + 12*v + 35. What are the prime factors of r(y)?
3, 7
Let s = -9 + 9. Suppose s = 2*x - 4*p - 14, -2*x + 3*p - 4*p + 29 = 0. List the prime factors of x.
13
Let k be 25 - (3/1 + 0). Suppose 2*h = -4 + k. What are the prime factors of h?
3
Let i(w) be the first derivative of -w**3/3 - 8*w**2 - 25*w + 9. List the prime factors of i(-10).
5, 7
List the prime factors of (-4)/60*-3 + (-8258)/(-10).
2, 7, 59
Let n = 23 + -24. List the prime factors of (n/(3/114))/(5/(-15)).
2, 3, 19
Let s(x) = x**2 + 4*x + 1. Let t = -9 - -4. Let l be s(t). What are the prime factors of (10/(-6))/(l/(-18))?
5
Suppose -36*x - 7*x = -87677. List the prime factors of x.
2039
Suppose 0*y = 4*y - 16. Suppose 0 = y*s - 5 - 7. What are the prime factors of s?
3
Suppose -j - 824 = -864. What are the prime factors of j?
2, 5
Let d(k) = k**3 + 10*k**2 + 7*k + 7. Let g = -30 - -21. What are the prime factors of d(g)?
5
Let b(v) = 3*v. Suppose -5*f + 5 = 0, -m - 2 = -3*m + 2*f. Let n be ((-1)/m)/(10/(-20)). List the prime factors of b(n).
3
Let f(l) = l**3 - 5*l**2 + 4. Let s be f(5). Suppose -s*g - 68 + 224 = 0. What are the prime factors of g?
3, 13
Suppose 4*x = -2*m - 32 + 4, 3*x - 89 = 4*m. Let y = -16 - m. Suppose -y*t + 44 = b, 4*b - 2*t + 4*t = 148. List the prime factors of b.
2, 3
Let y = -95 + 94. Let j = y + 29. What are the prime factors of j?
2, 7
Let r(p) = 27*p + 343. List the prime factors of r(-7).
2, 7, 11
Suppose 5*s + 2*d - 6*d = 4227, -4231 = -5*s + 2*d. What are the prime factors of s?
7, 11
Let c = 6602 - 4458. What are the prime factors of c?
2, 67
Let q(i) = -i**2 - 3*i + 3. Let v be q(-7). Let r = 104 - v. List the prime factors of r.
3, 43
Let v be 21/(-4)*48/(-18). Suppose -11*j + v*j = 303. What are the prime factors of j?
101
Let d be (12/8)/((-9)/24). Suppose 0 = -2*c + 4, 3*b + 8*c - 5*c = 96. Let g = b - d. What are the prime factors of g?
2, 17
Let z = 541 + 138. What are the prime factors of z?
7, 97
Suppose 4 + 